
Let g = 608 - 302. Let r be g/3 + (1 - 1). Suppose 0 = v - 5 - 0, 4*b = -2*v + r. Is b a composite number?
False
Let s be 16*6/(1 - 0). Let y be ((-15)/(-4))/(18/s). Suppose -2*n = 3*n - y. Is n composite?
True
Let p be 6/(-27) - 2409/(-27). Let t = -58 + p. Is t prime?
True
Suppose -n - 969 - 393 = -r, 6800 = 5*r + 5*n. Is r prime?
True
Let n(a) = 9*a**3 - 21*a**2 - 11*a + 8. Let t(l) = -4*l**3 + 10*l**2 + 6*l - 4. Let g(v) = 3*n(v) + 7*t(v). Is g(8) a composite number?
True
Suppose x + 3*s + 33 = -2, s = 5*x + 223. Is (1 - -1) + (-3 - x) a prime number?
True
Suppose -c - 15 = 4*c. Is -74*(c + 2) - 3 prime?
True
Suppose 0 = 4*h - h. Suppose 3*a - 10 = 5. Suppose -a*x + 0*x + 170 = h. Is x prime?
False
Let c = 388 + -231. Is c prime?
True
Let n(m) = m**2 + 2*m - 3. Let j be n(2). Suppose z + 8 = -5*s - 13, -5*z - 5 = j*s. Let l(v) = 5*v**2 - 5*v - 1. Is l(s) composite?
False
Suppose -5*r + 6 = 3*g, 3*r = g - 0*g - 2. Suppose r*n - n = -10. Suppose -2*m = 2*u - n, 3*m = u + 2*u - 45. Is u a composite number?
True
Let q(w) = 43*w**2 - 6*w + 23. Is q(6) composite?
True
Suppose -4*d = -2*y + 101 + 595, 0 = -5*y - 4*d + 1810. Is y a prime number?
False
Let h(p) = 3*p + 4. Let v be h(6). Let c = 32 - v. Suppose 2*z - c = 0, 0 = -5*q + z - 17 + 827. Is q a composite number?
False
Suppose -3*y - 25 = -8*y. Suppose 0 = h + 4*d - 335, 2*d - 706 = -y*h + 1023. Is h composite?
False
Suppose -187 - 237 = -4*v. Suppose -2*i + 276 = -v. Is i a composite number?
False
Suppose -3*h - 4*z - 2 = 17, 3*h = -3*z - 15. Is (0 + 2 + h)*37 a composite number?
False
Let g(h) = -h**2 + 1. Let v = -5 + 4. Let j be g(v). Suppose -w = -j*w - 19. Is w prime?
True
Let i = 6 + -12. Let x = i - -11. Suppose -3*t = 5*n - 244, -t + x*t + n = 331. Is t a composite number?
False
Is -3 + 5 - 2 - -1123 prime?
True
Let g(l) = 2*l + 5. Is g(10) prime?
False
Suppose 8*t = 3*t + 5975. Is t a prime number?
False
Suppose -z + 2*z - v - 93 = 0, 2*v = -2*z + 202. Is z a prime number?
True
Suppose -48 = -2*v + 16. Suppose i + i - v = 0. Suppose -i = -3*c + 2. Is c prime?
False
Is 97/((-8)/12 + 1) composite?
True
Let s = 3 - -2. Suppose s*o = 3*o + 4. Suppose 3*h - 240 = -o*x + 2*h, -x + h = -117. Is x composite?
True
Let m be (-1)/(-1)*(-284)/4. Let i = m - -166. Is i prime?
False
Let l be 42/(-4)*352/12. Let o = 187 + l. Let w = o - -266. Is w a prime number?
False
Suppose -3*t + 2*t = -191. Is t composite?
False
Let h(d) = d**3 - d**2 - d + 67. Let o be h(0). Let u = o - 42. Is u prime?
False
Suppose 3*p - 17 = 43. Let t be (8/(-10))/(4/p). Is (1 - 88)*t/4 a prime number?
False
Let n be (-2 + 3)*(-1 + -7). Is (-258)/n - (-9)/12 a prime number?
False
Suppose 0 = -4*r - 7 - 5, -r = -2*c + 97. Is c prime?
True
Let x(a) be the second derivative of 4*a**3 + a**2 + 2*a. Is x(6) a composite number?
True
Suppose 3*x = 5*o + 25, -4*x = o + 4*o - 10. Let g be (2 + 14/o)*-1. Suppose -g*c + 3*c - a = -115, -3*c + 165 = 4*a. Is c a composite number?
False
Let q(l) = 8*l - 1. Suppose 64 = 5*a + 19. Is q(a) a composite number?
False
Is (137/2)/((-4)/(-24)) prime?
False
Suppose 214 - 52 = 4*m + 2*g, 4*m - 144 = 4*g. Is m prime?
False
Suppose -s + 8 = 2*w, -5*s + 10*s = 5*w - 20. Let a be w/(-10) - (-2888)/20. Suppose -2*k + 68 = -3*u, -4*k + a = -0*u - 2*u. Is k prime?
True
Let z(d) = d**3 + d**2 - 2*d - 7. Let j be z(-6). Let b = j - -498. Is b prime?
False
Let h(k) = k**2 + 5*k - 4. Let l be h(-6). Is (l + -3)/((-6)/762) prime?
True
Let v be (-21)/(-6)*(-1 - -35). Suppose -3*s - f + 100 = 33, 5*s = 2*f + v. Is s composite?
False
Let z(m) = m**2 - 10*m + 3. Let h be z(10). Suppose h*u = 4*w - 1277, -40 = -5*u - 15. Is w a composite number?
True
Let b = 26 - 40. Let h be b*(1 + (-2 - 1)). Suppose -4*l + h + 0 = 0. Is l composite?
False
Suppose 0 = w + 3*z - 2182, -3*w = 2*z - 4726 - 1820. Is w prime?
False
Let v = 21 + 16. Is v a composite number?
False
Is (-984 - -1)*(-5 + 4) prime?
True
Is (2/2)/((-12)/(-5124)) prime?
False
Suppose 8*c - 16*c = -2648. Is c composite?
False
Let i(l) be the second derivative of -15*l**3/2 - l**2/2 - 2*l. Is i(-2) a prime number?
True
Suppose 4*i + y - 450 = 0, -i = -2*i + y + 115. Is i a prime number?
True
Let n be (-6)/3*1 + 2. Suppose n = 2*c - 1 - 3. Suppose c*q = 5*q, 446 = 2*u + q. Is u a prime number?
True
Let b(t) = -2*t + 213. Is b(0) prime?
False
Let l be (-130)/(-25) - 2/10. Let u = 53 + l. Is (-7)/14 - u/(-4) a composite number?
True
Let u(x) = -x + 9. Let l be u(8). Let d(p) = -439*p**3 + p. Let n be d(l). Is 2/3 - n/18 prime?
False
Let h(s) = -191*s + 15. Let a be h(6). Is (-2)/(-1)*a/(-6) a prime number?
False
Let u(y) = -y**3 + 5*y**2 + y - 5. Let v be u(5). Suppose 2 = 4*n - 5*m - 10, v = 2*m. Suppose -g - n*s = -46, 2*g + 0*s - 101 = 3*s. Is g a composite number?
True
Let l be (4/(2 + -4))/2. Let p = 3 + l. Suppose 0 = -m + 3*y + 28 - 4, 23 = m - p*y. Is m composite?
True
Suppose 0 = 5*q - 1 + 81. Let b = q + 63. Is b prime?
True
Suppose 2*j + j = 3. Let h = 7 - 5. Is (-3 + 161)/(h/j) a prime number?
True
Let v(p) = 2*p**3 + 10*p**2 + 8*p - 3. Let m be v(-7). Let k = 796 + m. Is k prime?
True
Let h = 5607 - 3985. Is h a prime number?
False
Suppose -c = -5*n - 51, -4*n - 50 = -c - 0*n. Let o = c - 22. Is -2 - -1 - -1*o prime?
True
Let l(f) = f**2 - 8*f + 7. Let u be l(7). Suppose 3*w = 2*w - 2, -3*g = -3*w - 18. Suppose g*v - 644 = -5*i - u*i, -2*v = -i - 322. Is v prime?
False
Let n = -3343 + 4932. Is n a prime number?
False
Suppose -75 = -2*j + 59. Is j a prime number?
True
Let x(a) be the first derivative of -a**4/4 - 8*a**3/3 - 11*a**2/2 + 5*a - 2. Is x(-8) a composite number?
True
Let k = 388 + -197. Is k a composite number?
False
Let m = -9 + 32. Is m composite?
False
Let a(x) be the third derivative of 0*x + 0 - 1/8*x**4 - 1/10*x**5 + 1/120*x**6 - 2*x**2 + 5/3*x**3. Is a(7) composite?
True
Suppose -9*m = -18*m + 121185. Is m composite?
True
Let y be (-3)/2*(-12)/9. Let x(f) = 6*f**2 - 1. Is x(y) a composite number?
False
Let z be 0 + 2*-1 + -1. Let j(v) = -v**3 - 5*v**2 - 3*v - 1. Let x be j(z). Let l = x - -29. Is l a composite number?
False
Is 3 + 355/(15/3) prime?
False
Suppose -2*r + 428 = 5*s - 3*s, 2*s + r - 431 = 0. Is s prime?
False
Suppose 2*g - 11158 = -3740. Is g a composite number?
False
Let t = 1604 + -378. Suppose 5*u - 749 - t = 0. Is u composite?
True
Is 3 - 28/8 - 38134/(-4) a composite number?
False
Is (-608)/24*(-6)/4 a prime number?
False
Suppose -14 = -w - 0*w. Let a be -5 + -2 + 2 + 0. Let u = w - a. Is u composite?
False
Suppose -422 = 2*z + 3*z + 2*r, -3*z - 4*r - 256 = 0. Let v be z/(-30) - 2/(-10). Suppose 4*w = 5*w - v*a - 13, 5*w + 5*a - 105 = 0. Is w a composite number?
False
Let h be -2 + 1 - -3 - -1. Suppose i = h*i - 120. Let o = i - -17. Is o composite?
True
Suppose 4*i + 222 = 1426. Let j = i - 114. Is j a composite number?
True
Let k = -5 + 8. Let l be (-1)/(((-5)/k)/5). Suppose 5*r - 181 = -3*w, -101 = -l*r + 2*w - 0*w. Is r prime?
False
Suppose -5*u + 0*u = 5*r - 35, 3*u = 4*r - 14. Suppose -h - 5*q = 1, -3*h - r*q + 2 + 5 = 0. Suppose 0 = h*a - 94 - 54. Is a prime?
True
Let s(g) = -4*g**2 - 1 - g**3 + 4*g**2 - 6*g**2 - g. Let d be s(-6). Suppose -2*y + 3 + 4 = -q, -5 = d*y + 5*q. Is y a composite number?
False
Suppose 0 = 3*h - 10*h + 5257. Is h a composite number?
False
Suppose 0 = -v - z - 151, -v - 2*z - 122 = 24. Let k = 253 + v. Is k composite?
False
Is 419 + (-2 - (-4 - -2)) a prime number?
True
Let g(p) = 2*p**2 + 7*p + 4. Suppose 2*i = u - 7, 3*i + 37 = i - 5*u. Let n be g(i). Suppose -m - n = -2*j + 2*m, 3*j + 3*m = 81. Is j a composite number?
False
Suppose 0 = -4*j - 3*t, 4*t = -0*t. Suppose j = -2*s - u + 114, 0*s - s + 55 = u. Is s a composite number?
False
Is 3 - 2 - 246/(-1) a prime number?
False
Let g(n) be the third derivative of -n**6/120 - n**5/15 - n**4/24 + 5*n**3/6 - n**2. Is g(-5) composite?
True
Suppose 0 = -4*k + 6 + 1010. Is k a prime number?
False
Suppose -5*w + 542 = -93. Is w composite?
False
Let d(h) = h**2 - 4*h - 5. Is d(-6) a prime number?
False
Let z(o) = -o**2 + 8*o - 4. Let k = 9 + -2. Let a be z(k). Suppose 4*u - 5*h = u + 152, 46 = u + a*h. Is u prime?
False
Let n(i) = -i**3 - 6*i**2 - 3*i + 6. Let r be n(-5). Let l(m) = -m**3 - m**2 + 3*m + 3. Is l(r) a prime number?
